oes 15 divide 303891?
False
Is 196332 a multiple of 92?
False
Is 233 a factor of 89374?
False
Is 302354 a multiple of 21?
False
Does 5 divide 3480780?
True
Is 44806 a multiple of 86?
True
Is 56889 a multiple of 43?
True
Is 1437748 a multiple of 26?
True
Is 286 a factor of 284079?
False
Does 1074 divide 8203276?
False
Is 2773176 a multiple of 21?
True
Is 3310541 a multiple of 169?
True
Does 163 divide 2815988?
True
Is 98 a factor of 355958?
False
Does 74 divide 995327?
False
Is 6 a factor of 617011?
False
Is 3376030 a multiple of 10?
True
Does 371 divide 2001916?
True
Is 149 a factor of 152129?
True
Does 900 divide 1297800?
True
Is 5 a factor of 187840?
True
Does 257 divide 83011?
True
Is 2 a factor of 11514?
True
Does 48 divide 2584656?
True
Is 452 a factor of 1417020?
True
Is 442081 a multiple of 677?
True
Does 43 divide 99452?
False
Is 467 a factor of 552928?
True
Is 87 a factor of 7291?
False
Does 911 divide 12892472?
True
Is 1213184 a multiple of 677?
True
Is 102 a factor of 204516?
False
Is 72522 a multiple of 18?
True
Is 364523 a multiple of 213?
False
Is 105 a factor of 40320?
True
Is 5003775 a multiple of 189?
True
Does 7 divide 1399993?
True
Is 6 a factor of 242892?
True
Is 1745873 a multiple of 219?
False
Is 764953 a multiple of 9?
False
Is 2269056 a multiple of 933?
True
Does 104 divide 547872?
True
Does 12 divide 17074300?
False
Is 7704187 a multiple of 19?
False
Is 294372 a multiple of 221?
True
Is 1569 a factor of 756724?
False
Does 44 divide 2241140?
True
Is 28 a factor of 13140554?
False
Is 1360503 a multiple of 9?
True
Is 127 a factor of 4726804?
False
Does 308 divide 648776?
False
Is 18 a factor of 60465?
False
Does 365 divide 859210?
True
Is 4159440 a multiple of 120?
True
Is 479260 a multiple of 310?
True
Does 108 divide 457380?
True
Is 8 a factor of 886664?
True
Does 4 divide 572224?
True
Is 29010 a multiple of 7?
False
Is 39 a factor of 908154?
True
Is 2595429 a multiple of 176?
False
Is 129 a factor of 2317247?
False
Is 206206 a multiple of 26?
True
Is 27 a factor of 139163?
False
Is 484654 a multiple of 62?
True
Is 73740 a multiple of 311?
False
Is 371752 a multiple of 62?
True
Is 305214 a multiple of 81?
False
Does 1026 divide 7790418?
True
Is 60 a factor of 6986?
False
Is 163170 a multiple of 259?
True
Is 331 a factor of 35693?
False
Is 513 a factor of 973674?
True
Does 240 divide 207840?
True
Is 225428 a multiple of 332?
True
Is 94 a factor of 43483?
False
Does 92 divide 2681156?
True
Does 20 divide 492840?
True
Is 643516 a multiple of 85?
False
Is 18499632 a multiple of 516?
True
Is 3229471 a multiple of 160?
False
Is 1325 a factor of 4679900?
True
Does 8 divide 20393?
False
Does 208 divide 42640?
True
Is 2045715 a multiple of 105?
True
Does 15 divide 19258520?
False
Is 916300 a multiple of 253?
False
Is 44 a factor of 339592?
True
Is 45 a factor of 166251?
False
Is 664039 a multiple of 37?
True
Is 2221305 a multiple of 1354?
False
Does 113 divide 205321?
True
Is 352730 a multiple of 15?
False
Is 66994 a multiple of 38?
True
Is 16 a factor of 55504?
True
Is 37 a factor of 994243?
False
Does 74 divide 90946?
True
Is 8 a factor of 332429?
False
Does 4 divide 34772?
True
Is 55397 a multiple of 196?
False
Is 70 a factor of 1685117?
False
Is 2864190 a multiple of 138?
True
Is 17 a factor of 353821?
True
Is 16 a factor of 662048?
True
Is 3188002 a multiple of 1596?
False
Is 74 a factor of 91056?
False
Is 175 a factor of 19722305?
False
Does 3 divide 23187?
True
Is 1983 a factor of 24904497?
True
Does 269 divide 69402?
True
Is 87 a factor of 443613?
True
Does 8 divide 2568248?
True
Does 4 divide 136360?
True
Is 740290 a multiple of 371?
False
Is 764391 a multiple of 18?
False
Does 104 divide 557336?
True
Is 210035 a multiple of 7?
True
Does 13 divide 302237?
True
Does 15 divide 73008?
False
Is 294 a factor of 903083?
False
Is 233 a factor of 2643618?
True
Is 585360 a multiple of 27?
True
Is 51 a factor of 84915?
True
Is 18 a factor of 102006?
True
Is 632 a factor of 4012574?
False
Is 2675832 a multiple of 12?
True
Is 85206 a multiple of 3?
True
Is 17 a factor of 61353?
True
Is 506977 a multiple of 97?
False
Is 138 a factor of 56758?
False
Is 799 a factor of 1614325?
False
Is 198025 a multiple of 445?
True
Is 2611582 a multiple of 241?
False
Is 90059 a multiple of 9?
False
Is 14725 a multiple of 95?
True
Does 7 divide 490714?
True
Is 14 a factor of 183396?
False
Is 95 a factor of 77995?
True
Is 92302 a multiple of 266?
True
Does 13 divide 605033?
True
Is 1028476 a multiple of 223?
True
Is 23 a factor of 209129?
False
Is 526 a factor of 607004?
True
Is 10 a factor of 127980?
True
Is 1478351 a multiple of 154?
False
Is 124107 a multiple of 41?
True
Is 3576648 a multiple of 29?
False
Is 144143 a multiple of 61?
True
Is 54 a factor of 1286928?
True
Is 2452673 a multiple of 320?
False
Does 429 divide 6583852?
False
Does 639 divide 525201?
False
Does 7 divide 79828?
True
Is 110 a factor of 267520?
True
Does 13 divide 99204?
False
Is 128 a factor of 399500?
False
Does 110 divide 56320?
True
Is 15 a factor of 434940?
True
Is 27 a factor of 120150?
True
Is 131366 a multiple of 22?
False
Does 8 divide 101832?
True
Is 244 a factor of 1091412?
True
Does 16 divide 43888?
True
Is 12420117 a multiple of 647?
False
Is 31 a factor of 9670?
False
Does 11 divide 1200271?
False
Is 1976 a factor of 2669576?
True
Is 4836483 a multiple of 8?
False
Is 362 a factor of 54300?
True
Does 5 divide 845710?
True
Is 422152 a multiple of 5?
False
Is 5 a factor of 33721?
False
Is 36 a factor of 226901?
False
Is 209 a factor of 2349967?
False
Is 7768 a multiple of 9?
False
Does 886 divide 84375?
False
Is 117 a factor of 111047?
False
Does 20 divide 364165?
False
Does 11 divide 264525?
False
Is 552 a factor of 210864?
True
Is 466 a factor of 2683228?
True
Does 215 divide 22360?
True
Does 391 divide 132549?
True
Does 8 divide 218488?
True
Is 1738024 a multiple of 3?
False
Is 166889 a multiple of 246?
False
Is 6 a factor of 3638348?
False
Is 4439154 a multiple of 44?
False
Is 41 a factor of 988633?
True
Does 9 divide 49959?
True
Is 1532777 a multiple of 442?
False
Is 170 a factor of 52625?
False
Is 41 a factor of 271133?
True
Is 76 a factor of 2933904?
True
Does 9 divide 7065?
True
Is 261167 a multiple of 157?
False
Is 194 a factor of 310925?
False
Is 2058112 a multiple of 128?
True
Is 288 a factor of 10696320?
True
Is 3677292 a multiple of 54?
True
Is 65 a factor of 197990?
True
Is 3 a factor of 35336?
False
Does 23 divide 697038?
True
Does 26 divide 418366?
True
Is 203 a factor of 317695?
True
Is 836719 a multiple of 130?
False
Does 11 divide 6941?
True
Is 1810351 a multiple of 283?
True
Is 87 a factor of 157557?
True
Is 1208049 a multiple of 139?
True
Is 8 a factor of 2991037?
False
Does 431 divide 117663?
True
Is 267 a factor of 3898383?
False
Is 37 a factor of 120336?
False
Does 22 divide 12706?
False
Is 1557706 a multiple of 33?
False
Is 175 a factor of 2585625?
True
Is 10 a factor of 9477224?
False
Is 83174 a multiple of 235?
False
Is 70612 a multiple of 101?
False
Is 464963 a multiple of 2?
False
Does 89 divide 17956996?
True
Does 76 divide 574256?
True
Is 11482991 a multiple of 13?
True
Is 89 a factor of 194417?
False
Does 264 divide 893376?
True
Does 52 divide 2353052?
True
Is 15 a factor of 21117?
False
Does 24 divide 625182?
False
Is 132 a factor of 16316038?
False
Is 577 a factor of 10900107?
True
Is 545414 a multiple of 30?
False
Is 53 a factor of 6365088?
True
Is 29787516 a multiple of 836?
True
Is 75386 a multiple of 34?
False
Does 618 divide 1745209?
False
Does 452 divide 4560933?
False
Is 34 a factor of 7879644?
False
Is 88 a factor of 4738712?
True
Is 6336142 a multiple of 142?
False
Does 82 divide 261345?
False
Is 65 a factor of 401838?
False
Is 660 a factor of 445818?
False
Does 7 divide 412212?
False
Is 3 a factor of 978870?
True
Is 239 a factor of 2920819?
True
Is 83 a factor of 3319336?
True
Does 330 divide 2457840?
True
Is 103 a factor of 728669?
False
Does 29 divide 1500817?
False
Does 2 divide 2618545?
False
Is 493867 a multiple of 17?
True
Is 138 a factor of 16277238?
True
Is 36374 a multiple of 10?
False
Does 9 divide 269766?
True
Is 1446067 a multiple of 69?
False
Is 10 a factor of 125720?
True
Is 14434124 a multiple of 74?
Fa